{"id":16390,"date":"2015-05-13T21:58:13","date_gmt":"2015-05-13T21:58:13","guid":{"rendered":"http:\/\/mareblue.com.mx\/akustica2\/?page_id=16390"},"modified":"2016-01-08T16:44:18","modified_gmt":"2016-01-08T21:44:18","slug":"akustica-servicio","status":"publish","type":"page","link":"https:\/\/akustica.com.mx\/index.php\/akustica-servicio\/","title":{"rendered":"Akustica Servicio"},"content":{"rendered":"<div    class=\"vc_row wpb_row section vc_row-fluid grid_section\" style=' text-align:left;'><div class=\" section_inner clearfix\"><div class='section_inner_margin clearfix'>\n\t<div class=\"vc_col-sm-12 wpb_column vc_column_container \">\n\t\t<div class=\"wpb_wrapper\">\n\t\t\t<div class=\"vc_empty_space\"  style=\"height: 50px\" ><span class=\"vc_empty_space_inner\"><\/span><\/div>\n\n<div class=\"custom_font_holder\" style=\" font-size: 32px; line-height: 38px; font-style: normal; font-weight: 300; text-decoration: none; padding: 0; margin: 0; text-align: left;\">Con una variedad de servicios orientados tanto al sector <strong>residencial<\/strong> como <strong>comercial<\/strong> en Akustica tenemos los planes ideales <strong>preventivos<\/strong> <strong>y correctivos<\/strong> para proteger y alargar la vida de su inversi\u00f3n.<\/div><div class=\"vc_empty_space\"  style=\"height: 50px\" ><span class=\"vc_empty_space_inner\"><\/span><\/div>\n\n\n\t\t<\/div> \n\t<\/div> \n<\/div><\/div><\/div><div    class=\"vc_row wpb_row section vc_row-fluid vc_custom_1431562020068 grid_section\" style=' padding-top:0px; padding-bottom:0px; text-align:left;'><div class=\" section_inner clearfix\"><div class='section_inner_margin clearfix'>\n\t<div class=\"vc_col-sm-6 wpb_column vc_column_container \">\n\t\t<div class=\"wpb_wrapper\">\n\t\t\t\n\t<div class=\"wpb_single_image wpb_content_element vc_align_left  element_from_left\">\n\t\t<div>\n\t\t<div class=\"wpb_wrapper\">\n\t\t\t\n\t\t\t<div class=\"vc_single_image-wrapper vc_box_rounded  vc_box_border_grey\"><img loading=\"lazy\" decoding=\"async\" width=\"620\" height=\"350\" src=\"https:\/\/akustica.com.mx\/wp-content\/uploads\/2015\/05\/asesoria.jpg\" class=\"vc_single_image-img attachment-full\" alt=\"asesoria\" srcset=\"https:\/\/akustica.com.mx\/wp-content\/uploads\/2015\/05\/asesoria.jpg 620w, https:\/\/akustica.com.mx\/wp-content\/uploads\/2015\/05\/asesoria-300x169.jpg 300w, https:\/\/akustica.com.mx\/wp-content\/uploads\/2015\/05\/asesoria-539x303.jpg 539w\" sizes=\"(max-width: 620px) 100vw, 620px\" \/><\/div>\n\t\t<\/div> \n\t\t<\/div>\n\t<\/div> \n\t\t<\/div> \n\t<\/div> \n\n\t<div class=\"vc_col-sm-6 wpb_column vc_column_container  vc_custom_1431561190907\">\n\t\t<div class=\"wpb_wrapper\">\n\t\t\t\n\t<div class=\"wpb_text_column wpb_content_element \">\n\t\t<div class=\"wpb_wrapper\">\n\t\t\t<h1><img loading=\"lazy\" decoding=\"async\" class=\" wp-image-16471 size-full alignleft\" src=\"http:\/\/akustica.com.mx\/wp-content\/uploads\/2015\/05\/users.png\" alt=\"Asesoria\" width=\"100\" height=\"120\" \/><\/h1>\n<h1>Asesor\u00eda<\/h1>\n<p>Akustica brinda <strong>asesor\u00eda<\/strong> en el <strong>desarrollo de proyectos<\/strong> en\u00a0audio, video, iluminaci\u00f3n y automatizaci\u00f3n tanto en mercados <strong>residenciales<\/strong> como <strong>comerciales<\/strong>.<\/p>\n\n\t\t<\/div> \n\t<\/div> \n\t\t<\/div> \n\t<\/div> \n<\/div><\/div><\/div><div    class=\"vc_row wpb_row section vc_row-fluid\" style=' text-align:left;'><div class=\" full_section_inner clearfix\">\n\t<div class=\"vc_col-sm-12 wpb_column vc_column_container \">\n\t\t<div class=\"wpb_wrapper\">\n\t\t\t<div class=\"vc_empty_space\"  style=\"height: 50px\" ><span class=\"vc_empty_space_inner\"><\/span><\/div>\n\n\n\t\t<\/div> \n\t<\/div> \n<\/div><\/div><div    class=\"vc_row wpb_row section vc_row-fluid grid_section\" style=' text-align:left;'><div class=\" section_inner clearfix\"><div class='section_inner_margin clearfix'><div class=\"  element_from_right\"><div>\n\t<div class=\"vc_col-sm-6 wpb_column vc_column_container \">\n\t\t<div class=\"wpb_wrapper\">\n\t\t\t\n\t<div class=\"wpb_text_column wpb_content_element \">\n\t\t<div class=\"wpb_wrapper\">\n\t\t\t<h1><img loading=\"lazy\" decoding=\"async\" class=\" wp-image-16469 size-full alignleft\" src=\"http:\/\/akustica.com.mx\/wp-content\/uploads\/2015\/05\/plan.png\" alt=\"Dise\u00f1o\" width=\"100\" height=\"120\" \/>Dise\u00f1o<\/h1>\n<p>Realizamos <strong>proyectos integrales<\/strong> desde el dise\u00f1o hasta la puesta en marcha. Elaboramos <strong>planos y mapas<\/strong> para una adecuada instalaci\u00f3n.<\/p>\n\n\t\t<\/div> \n\t<\/div> \n\t\t<\/div> \n\t<\/div> \n\n\t<div class=\"vc_col-sm-6 wpb_column vc_column_container \">\n\t\t<div class=\"wpb_wrapper\">\n\t\t\t\n\t<div class=\"wpb_single_image wpb_content_element vc_align_left  element_from_right\">\n\t\t<div>\n\t\t<div class=\"wpb_wrapper\">\n\t\t\t\n\t\t\t<div class=\"vc_single_image-wrapper vc_box_rounded  vc_box_border_grey\"><img loading=\"lazy\" decoding=\"async\" width=\"620\" height=\"350\" src=\"https:\/\/akustica.com.mx\/wp-content\/uploads\/2015\/05\/plano.jpg\" class=\"vc_single_image-img attachment-full\" alt=\"Dise\u00f1o\" srcset=\"https:\/\/akustica.com.mx\/wp-content\/uploads\/2015\/05\/plano.jpg 620w, https:\/\/akustica.com.mx\/wp-content\/uploads\/2015\/05\/plano-300x169.jpg 300w, https:\/\/akustica.com.mx\/wp-content\/uploads\/2015\/05\/plano-539x303.jpg 539w\" sizes=\"(max-width: 620px) 100vw, 620px\" \/><\/div>\n\t\t<\/div> \n\t\t<\/div>\n\t<\/div> \n\t\t<\/div> \n\t<\/div> \n<\/div><\/div><\/div><\/div><\/div><div    class=\"vc_row wpb_row section vc_row-fluid\" style=' text-align:left;'><div class=\" full_section_inner clearfix\">\n\t<div class=\"vc_col-sm-12 wpb_column vc_column_container \">\n\t\t<div class=\"wpb_wrapper\">\n\t\t\t<div class=\"vc_empty_space\"  style=\"height: 50px\" ><span class=\"vc_empty_space_inner\"><\/span><\/div>\n\n\n\t\t<\/div> \n\t<\/div> \n<\/div><\/div><div    class=\"vc_row wpb_row section vc_row-fluid grid_section\" style=' text-align:left;'><div class=\" section_inner clearfix\"><div class='section_inner_margin clearfix'>\n\t<div class=\"vc_col-sm-6 wpb_column vc_column_container \">\n\t\t<div class=\"wpb_wrapper\">\n\t\t\t\n\t<div class=\"wpb_single_image wpb_content_element vc_align_left  element_from_left\">\n\t\t<div>\n\t\t<div class=\"wpb_wrapper\">\n\t\t\t\n\t\t\t<div class=\"vc_single_image-wrapper   vc_box_border_grey\"><img loading=\"lazy\" decoding=\"async\" width=\"620\" height=\"350\" src=\"https:\/\/akustica.com.mx\/wp-content\/uploads\/2015\/05\/instalacion.jpg\" class=\"vc_single_image-img attachment-full\" alt=\"Instalacion\" srcset=\"https:\/\/akustica.com.mx\/wp-content\/uploads\/2015\/05\/instalacion.jpg 620w, https:\/\/akustica.com.mx\/wp-content\/uploads\/2015\/05\/instalacion-300x169.jpg 300w, https:\/\/akustica.com.mx\/wp-content\/uploads\/2015\/05\/instalacion-539x303.jpg 539w\" sizes=\"(max-width: 620px) 100vw, 620px\" \/><\/div>\n\t\t<\/div> \n\t\t<\/div>\n\t<\/div> \n\t\t<\/div> \n\t<\/div> \n\n\t<div class=\"vc_col-sm-6 wpb_column vc_column_container \">\n\t\t<div class=\"wpb_wrapper\">\n\t\t\t\n\t<div class=\"wpb_text_column wpb_content_element \">\n\t\t<div class=\"wpb_wrapper\">\n\t\t\t<h1><img loading=\"lazy\" decoding=\"async\" class=\" wp-image-16467 size-full alignleft\" src=\"http:\/\/akustica.com.mx\/wp-content\/uploads\/2015\/05\/instalacion.png\" alt=\"Instalacion\" width=\"100\" height=\"120\" \/>Instalaci\u00f3n<\/h1>\n<p>En <strong>sistemas de proyectos tecnol\u00f3gicos<\/strong> tanto residencial como corporativo se requiere de un cuidadoso <strong>an\u00e1lisis y observaci\u00f3n<\/strong> para realizar una\u00a0correcta instalaci\u00f3n. Analizamos las <strong>mejores soluciones<\/strong> para que la instalaci\u00f3n sea est\u00e9tica, segura y confiable, utilizando cableados, conectores y materiales de instalaci\u00f3n <strong>de la mejor calidad<\/strong> para garantizar el buen funcionamiento de los equipos.<\/p>\n\n\t\t<\/div> \n\t<\/div> \n\t\t<\/div> \n\t<\/div> \n<\/div><\/div><\/div><div    class=\"vc_row wpb_row section vc_row-fluid\" style=' text-align:left;'><div class=\" full_section_inner clearfix\">\n\t<div class=\"vc_col-sm-12 wpb_column vc_column_container \">\n\t\t<div class=\"wpb_wrapper\">\n\t\t\t<div class=\"vc_empty_space\"  style=\"height: 50px\" ><span class=\"vc_empty_space_inner\"><\/span><\/div>\n\n\n\t\t<\/div> \n\t<\/div> \n<\/div><\/div><div    class=\"vc_row wpb_row section vc_row-fluid grid_section\" style=' text-align:left;'><div class=\" section_inner clearfix\"><div class='section_inner_margin clearfix'>\n\t<div class=\"vc_col-sm-6 wpb_column vc_column_container \">\n\t\t<div class=\"wpb_wrapper\">\n\t\t\t\n\t<div class=\"wpb_text_column wpb_content_element \">\n\t\t<div class=\"wpb_wrapper\">\n\t\t\t<h1><img loading=\"lazy\" decoding=\"async\" class=\" wp-image-16465 size-full alignleft\" src=\"http:\/\/akustica.com.mx\/wp-content\/uploads\/2015\/05\/service-mntn1.png\" alt=\"\" width=\"100\" height=\"120\" \/>Mantenimiento y Reparaci\u00f3n<\/h1>\n<p>Ofrecemos el servicio de <strong>programas de mantenimiento preventivo y correctivo<\/strong> y <strong>reparaci\u00f3n de equipos<\/strong>; contamos con personal capacitado que realiza operaciones y restablece <strong>par\u00e1metros de funcionamiento<\/strong>, operando servicios y aplicaciones en los diferentes sistemas que utilizan Audio y Video de acuerdo con <strong>est\u00e1ndares vigentes<\/strong> para solucionar problemas dentro de las instalaciones con el objetivo de no parar la operaci\u00f3n.<\/p>\n\n\t\t<\/div> \n\t<\/div> \n\t\t<\/div> \n\t<\/div> \n\n\t<div class=\"vc_col-sm-6 wpb_column vc_column_container \">\n\t\t<div class=\"wpb_wrapper\">\n\t\t\t\n\t<div class=\"wpb_single_image wpb_content_element vc_align_left  element_from_right\">\n\t\t<div>\n\t\t<div class=\"wpb_wrapper\">\n\t\t\t\n\t\t\t<div class=\"vc_single_image-wrapper vc_box_rounded  vc_box_border_grey\"><img loading=\"lazy\" decoding=\"async\" width=\"620\" height=\"350\" src=\"https:\/\/akustica.com.mx\/wp-content\/uploads\/2015\/05\/mantenimiento-reparacion.jpg\" class=\"vc_single_image-img attachment-full\" alt=\"mantenimiento\" srcset=\"https:\/\/akustica.com.mx\/wp-content\/uploads\/2015\/05\/mantenimiento-reparacion.jpg 620w, https:\/\/akustica.com.mx\/wp-content\/uploads\/2015\/05\/mantenimiento-reparacion-300x169.jpg 300w, https:\/\/akustica.com.mx\/wp-content\/uploads\/2015\/05\/mantenimiento-reparacion-539x303.jpg 539w\" sizes=\"(max-width: 620px) 100vw, 620px\" \/><\/div>\n\t\t<\/div> \n\t\t<\/div>\n\t<\/div> \n\t\t<\/div> \n\t<\/div> \n<\/div><\/div><\/div><div    class=\"vc_row wpb_row section vc_row-fluid\" style=' text-align:left;'><div class=\" full_section_inner clearfix\">\n\t<div class=\"vc_col-sm-12 wpb_column vc_column_container \">\n\t\t<div class=\"wpb_wrapper\">\n\t\t\t<div class=\"vc_empty_space\"  style=\"height: 50px\" ><span class=\"vc_empty_space_inner\"><\/span><\/div>\n\n\n\t\t<\/div> \n\t<\/div> \n<\/div><\/div><div    class=\"vc_row wpb_row section vc_row-fluid\" style=' text-align:left;'><div class=\" full_section_inner clearfix\">\n\t<div class=\"vc_col-sm-12 wpb_column vc_column_container \">\n\t\t<div class=\"wpb_wrapper\">\n\t\t\t<div class=\"call_to_action normal\" style=\"background-color: #000099;padding-top: 45px;padding-bottom: 45px;\"><div class=\"container_inner\"><div class=\"two_columns_75_25 clearfix\"><div class=\"text_wrapper column1\"><div class=\"call_to_action_text\" style=\"font-size:24px;font-weight: 400;\"><span style=\"color: #ffffff;\"><span class=\"st\">\u00bf<\/span>Listo para iniciar tu proyecto?<br \/>\n<\/span><\/div><\/div><div class=\"button_wrapper column2\"><a href=\"http:\/\/akustica.com.mx\/index.php\/contacto\/\" class=\"qbutton white \" target=\"\" style=\"color: #ffffff;border-color: #ffffff;background-color: #000099;\"data-hover-background-color=#3aabe6 data-hover-border-color=#3aabe6 data-hover-color=#ffffff>solicitar cotizaci\u00f3n<\/a><\/div><\/div><\/div><\/div>\n\t\t<\/div> \n\t<\/div> \n<\/div><\/div><div    class=\"vc_row wpb_row section vc_row-fluid\" style=' text-align:left;'><div class=\" full_section_inner clearfix\">\n\t<div class=\"vc_col-sm-12 wpb_column vc_column_container \">\n\t\t<div class=\"wpb_wrapper\">\n\t\t\t\n\t<div class=\"wpb_single_image wpb_content_element vc_custom_1431558841483 vc_align_center  element_from_left\">\n\t\t<div>\n\t\t<div class=\"wpb_wrapper\">\n\t\t\t\n\t\t\t<div class=\"vc_single_image-wrapper   vc_box_border_grey\"><img loading=\"lazy\" decoding=\"async\" width=\"600\" height=\"152\" src=\"https:\/\/akustica.com.mx\/wp-content\/uploads\/2015\/05\/Logo-Akustica-servicio.png\" class=\"vc_single_image-img attachment-full\" alt=\"\" srcset=\"https:\/\/akustica.com.mx\/wp-content\/uploads\/2015\/05\/Logo-Akustica-servicio.png 600w, https:\/\/akustica.com.mx\/wp-content\/uploads\/2015\/05\/Logo-Akustica-servicio-300x76.png 300w\" sizes=\"(max-width: 600px) 100vw, 600px\" \/><\/div>\n\t\t<\/div> \n\t\t<\/div>\n\t<\/div> \n\t\t<\/div> \n\t<\/div> \n<\/div><\/div>\n","protected":false},"excerpt":{"rendered":"Con una variedad de servicios orientados tanto al sector residencial como comercial en Akustica tenemos los planes ideales preventivos y correctivos para proteger y alargar la vida de su inversi\u00f3n. Asesor\u00eda Akustica brinda asesor\u00eda en el desarrollo de proyectos en\u00a0audio, video, iluminaci\u00f3n y automatizaci\u00f3n tanto...","protected":false},"author":1,"featured_media":0,"parent":0,"menu_order":0,"comment_status":"open","ping_status":"open","template":"full_width.php","meta":{"footnotes":""},"_links":{"self":[{"href":"https:\/\/akustica.com.mx\/index.php\/wp-json\/wp\/v2\/pages\/16390"}],"collection":[{"href":"https:\/\/akustica.com.mx\/index.php\/wp-json\/wp\/v2\/pages"}],"about":[{"href":"https:\/\/akustica.com.mx\/index.php\/wp-json\/wp\/v2\/types\/page"}],"author":[{"embeddable":true,"href":"https:\/\/akustica.com.mx\/index.php\/wp-json\/wp\/v2\/users\/1"}],"replies":[{"embeddable":true,"href":"https:\/\/akustica.com.mx\/index.php\/wp-json\/wp\/v2\/comments?post=16390"}],"version-history":[{"count":55,"href":"https:\/\/akustica.com.mx\/index.php\/wp-json\/wp\/v2\/pages\/16390\/revisions"}],"predecessor-version":[{"id":16793,"href":"https:\/\/akustica.com.mx\/index.php\/wp-json\/wp\/v2\/pages\/16390\/revisions\/16793"}],"wp:attachment":[{"href":"https:\/\/akustica.com.mx\/index.php\/wp-json\/wp\/v2\/media?parent=16390"}],"curies":[{"name":"wp","href":"https:\/\/api.w.org\/{rel}","templated":true}]}}