{"id":16593,"date":"2015-05-27T21:17:04","date_gmt":"2015-05-28T02:17:04","guid":{"rendered":"http:\/\/mareblue.com.mx\/akustica2\/?page_id=16593"},"modified":"2015-09-24T21:12:17","modified_gmt":"2015-09-25T02:12:17","slug":"venta","status":"publish","type":"page","link":"https:\/\/akustica.com.mx\/index.php\/venta\/","title":{"rendered":"Venta"},"content":{"rendered":"<div    class=\"vc_row wpb_row section vc_row-fluid grid_section\" style=' text-align:left;'><div class=\" section_inner clearfix\"><div class='section_inner_margin clearfix'>\n\t<div class=\"vc_col-sm-12 wpb_column vc_column_container \">\n\t\t<div class=\"wpb_wrapper\">\n\t\t\t<div class=\"vc_empty_space\"  style=\"height: 50px\" ><span class=\"vc_empty_space_inner\"><\/span><\/div>\n\n<div class=\"custom_font_holder\" style=\" font-size: 32px; line-height: 38px; font-style: normal; font-weight: 300; text-decoration: none; padding: 0; margin: 0; text-align: left;\">Somos\u00a0 una <strong>empresa l\u00edder<\/strong> en venta de <strong>equipos profesionales de audio, iluminaci\u00f3n y video.<\/strong> Tenemos una amplia experiencia en la comercializaci\u00f3n de equipos de las marcas <strong>m\u00e1s prestigiosas del mundo.<\/strong><\/div><div class=\"vc_empty_space\"  style=\"height: 50px\" ><span class=\"vc_empty_space_inner\"><\/span><\/div>\n\n\n\t\t<\/div> \n\t<\/div> \n<\/div><\/div><\/div><div    class=\"vc_row wpb_row section vc_row-fluid grid_section\" style=' text-align:left;'><div class=\" section_inner clearfix\"><div class='section_inner_margin clearfix'>\n\t<div class=\"vc_col-sm-12 wpb_column vc_column_container \">\n\t\t<div class=\"wpb_wrapper\">\n\t\t\t<div class='qode_carousels_holder clearfix'><div class='qode_carousels'><ul class='slides'><li class='item'><div class=\"carousel_item_holder\"><span class='first_image_holder '><img loading=\"lazy\" decoding=\"async\" width=\"150\" height=\"150\" src=\"https:\/\/akustica.com.mx\/wp-content\/uploads\/2015\/05\/shure1-150x150.jpg\" class=\"attachment-thumbnail size-thumbnail\" alt=\"Shure\" srcset=\"https:\/\/akustica.com.mx\/wp-content\/uploads\/2015\/05\/shure1-150x150.jpg 150w, https:\/\/akustica.com.mx\/wp-content\/uploads\/2015\/05\/shure1-300x300.jpg 300w, https:\/\/akustica.com.mx\/wp-content\/uploads\/2015\/05\/shure1.jpg 400w\" sizes=\"(max-width: 150px) 100vw, 150px\" \/><\/span><\/div><\/li><li class='item'><div class=\"carousel_item_holder\"><span class='first_image_holder '><img loading=\"lazy\" decoding=\"async\" width=\"150\" height=\"150\" src=\"https:\/\/akustica.com.mx\/wp-content\/uploads\/2015\/05\/pioneer1-150x150.jpg\" class=\"attachment-thumbnail size-thumbnail\" alt=\"Pioneer\" srcset=\"https:\/\/akustica.com.mx\/wp-content\/uploads\/2015\/05\/pioneer1-150x150.jpg 150w, https:\/\/akustica.com.mx\/wp-content\/uploads\/2015\/05\/pioneer1-300x300.jpg 300w, https:\/\/akustica.com.mx\/wp-content\/uploads\/2015\/05\/pioneer1.jpg 400w\" sizes=\"(max-width: 150px) 100vw, 150px\" \/><\/span><\/div><\/li><li class='item'><div class=\"carousel_item_holder\"><span class='first_image_holder '><img loading=\"lazy\" decoding=\"async\" width=\"150\" height=\"150\" src=\"https:\/\/akustica.com.mx\/wp-content\/uploads\/2015\/05\/bose2-150x150.jpg\" class=\"attachment-thumbnail size-thumbnail\" alt=\"Bose\" srcset=\"https:\/\/akustica.com.mx\/wp-content\/uploads\/2015\/05\/bose2-150x150.jpg 150w, https:\/\/akustica.com.mx\/wp-content\/uploads\/2015\/05\/bose2-300x300.jpg 300w, https:\/\/akustica.com.mx\/wp-content\/uploads\/2015\/05\/bose2.jpg 400w\" sizes=\"(max-width: 150px) 100vw, 150px\" \/><\/span><\/div><\/li><li class='item'><div class=\"carousel_item_holder\"><span class='first_image_holder '><img loading=\"lazy\" decoding=\"async\" width=\"150\" height=\"150\" src=\"https:\/\/akustica.com.mx\/wp-content\/uploads\/2015\/05\/jbl2-150x150.jpg\" class=\"attachment-thumbnail size-thumbnail\" alt=\"JBL\" srcset=\"https:\/\/akustica.com.mx\/wp-content\/uploads\/2015\/05\/jbl2-150x150.jpg 150w, https:\/\/akustica.com.mx\/wp-content\/uploads\/2015\/05\/jbl2-300x300.jpg 300w, https:\/\/akustica.com.mx\/wp-content\/uploads\/2015\/05\/jbl2.jpg 400w\" sizes=\"(max-width: 150px) 100vw, 150px\" \/><\/span><\/div><\/li><li class='item'><div class=\"carousel_item_holder\"><span class='first_image_holder '><img loading=\"lazy\" decoding=\"async\" width=\"150\" height=\"150\" src=\"https:\/\/akustica.com.mx\/wp-content\/uploads\/2015\/05\/digigram1-150x150.jpg\" class=\"attachment-thumbnail size-thumbnail\" alt=\"Digigram\" srcset=\"https:\/\/akustica.com.mx\/wp-content\/uploads\/2015\/05\/digigram1-150x150.jpg 150w, https:\/\/akustica.com.mx\/wp-content\/uploads\/2015\/05\/digigram1-300x300.jpg 300w, https:\/\/akustica.com.mx\/wp-content\/uploads\/2015\/05\/digigram1.jpg 400w\" sizes=\"(max-width: 150px) 100vw, 150px\" \/><\/span><\/div><\/li><li class='item'><div class=\"carousel_item_holder\"><span class='first_image_holder '><img loading=\"lazy\" decoding=\"async\" width=\"150\" height=\"150\" src=\"https:\/\/akustica.com.mx\/wp-content\/uploads\/2015\/05\/crestron3-150x150.jpg\" class=\"attachment-thumbnail size-thumbnail\" alt=\"Crestron\" srcset=\"https:\/\/akustica.com.mx\/wp-content\/uploads\/2015\/05\/crestron3-150x150.jpg 150w, https:\/\/akustica.com.mx\/wp-content\/uploads\/2015\/05\/crestron3-300x300.jpg 300w, https:\/\/akustica.com.mx\/wp-content\/uploads\/2015\/05\/crestron3.jpg 400w\" sizes=\"(max-width: 150px) 100vw, 150px\" \/><\/span><\/div><\/li><li class='item'><div class=\"carousel_item_holder\"><span class='first_image_holder '><img loading=\"lazy\" decoding=\"async\" width=\"150\" height=\"150\" src=\"https:\/\/akustica.com.mx\/wp-content\/uploads\/2015\/05\/das1-150x150.jpg\" class=\"attachment-thumbnail size-thumbnail\" alt=\"Das\" srcset=\"https:\/\/akustica.com.mx\/wp-content\/uploads\/2015\/05\/das1-150x150.jpg 150w, https:\/\/akustica.com.mx\/wp-content\/uploads\/2015\/05\/das1-300x300.jpg 300w, https:\/\/akustica.com.mx\/wp-content\/uploads\/2015\/05\/das1.jpg 400w\" sizes=\"(max-width: 150px) 100vw, 150px\" \/><\/span><\/div><\/li><li class='item'><div class=\"carousel_item_holder\"><span class='first_image_holder '><img loading=\"lazy\" decoding=\"async\" width=\"150\" height=\"150\" src=\"https:\/\/akustica.com.mx\/wp-content\/uploads\/2015\/05\/qsc1-150x150.jpg\" class=\"attachment-thumbnail size-thumbnail\" alt=\"QSC\" srcset=\"https:\/\/akustica.com.mx\/wp-content\/uploads\/2015\/05\/qsc1-150x150.jpg 150w, https:\/\/akustica.com.mx\/wp-content\/uploads\/2015\/05\/qsc1-300x300.jpg 300w, https:\/\/akustica.com.mx\/wp-content\/uploads\/2015\/05\/qsc1.jpg 400w\" sizes=\"(max-width: 150px) 100vw, 150px\" \/><\/span><\/div><\/li><li class='item'><div class=\"carousel_item_holder\"><span class='first_image_holder '><img loading=\"lazy\" decoding=\"async\" width=\"150\" height=\"150\" src=\"https:\/\/akustica.com.mx\/wp-content\/uploads\/2015\/05\/onkyo1-150x150.jpg\" class=\"attachment-thumbnail size-thumbnail\" alt=\"Onkyo\" srcset=\"https:\/\/akustica.com.mx\/wp-content\/uploads\/2015\/05\/onkyo1-150x150.jpg 150w, https:\/\/akustica.com.mx\/wp-content\/uploads\/2015\/05\/onkyo1-300x300.jpg 300w, https:\/\/akustica.com.mx\/wp-content\/uploads\/2015\/05\/onkyo1.jpg 400w\" sizes=\"(max-width: 150px) 100vw, 150px\" \/><\/span><\/div><\/li><li class='item'><div class=\"carousel_item_holder\"><span class='first_image_holder '><img loading=\"lazy\" decoding=\"async\" width=\"150\" height=\"150\" src=\"https:\/\/akustica.com.mx\/wp-content\/uploads\/2015\/05\/nec1-150x150.jpg\" class=\"attachment-thumbnail size-thumbnail\" alt=\"Nec\" srcset=\"https:\/\/akustica.com.mx\/wp-content\/uploads\/2015\/05\/nec1-150x150.jpg 150w, https:\/\/akustica.com.mx\/wp-content\/uploads\/2015\/05\/nec1-300x300.jpg 300w, https:\/\/akustica.com.mx\/wp-content\/uploads\/2015\/05\/nec1.jpg 400w\" sizes=\"(max-width: 150px) 100vw, 150px\" \/><\/span><\/div><\/li><li class='item'><div class=\"carousel_item_holder\"><span class='first_image_holder '><img loading=\"lazy\" decoding=\"async\" width=\"150\" height=\"150\" src=\"https:\/\/akustica.com.mx\/wp-content\/uploads\/2015\/05\/ness1-150x150.jpg\" class=\"attachment-thumbnail size-thumbnail\" alt=\"Ness\" srcset=\"https:\/\/akustica.com.mx\/wp-content\/uploads\/2015\/05\/ness1-150x150.jpg 150w, https:\/\/akustica.com.mx\/wp-content\/uploads\/2015\/05\/ness1-300x300.jpg 300w, https:\/\/akustica.com.mx\/wp-content\/uploads\/2015\/05\/ness1.jpg 400w\" sizes=\"(max-width: 150px) 100vw, 150px\" \/><\/span><\/div><\/li><li class='item'><div class=\"carousel_item_holder\"><span class='first_image_holder '><img loading=\"lazy\" decoding=\"async\" width=\"150\" height=\"150\" src=\"https:\/\/akustica.com.mx\/wp-content\/uploads\/2015\/05\/peavey-150x150.jpg\" class=\"attachment-thumbnail size-thumbnail\" alt=\"Peavey\" srcset=\"https:\/\/akustica.com.mx\/wp-content\/uploads\/2015\/05\/peavey-150x150.jpg 150w, https:\/\/akustica.com.mx\/wp-content\/uploads\/2015\/05\/peavey-300x300.jpg 300w, https:\/\/akustica.com.mx\/wp-content\/uploads\/2015\/05\/peavey.jpg 400w\" sizes=\"(max-width: 150px) 100vw, 150px\" \/><\/span><\/div><\/li><\/ul><\/div><\/div>\n\t\t<\/div> \n\t<\/div> \n<\/div><\/div><\/div><div    class=\"vc_row wpb_row section vc_row-fluid grid_section\" style=' text-align:left;'><div class=\" section_inner clearfix\"><div class='section_inner_margin clearfix'>\n\t<div class=\"vc_col-sm-12 wpb_column vc_column_container \">\n\t\t<div class=\"wpb_wrapper\">\n\t\t\t\n\t<div class=\"wpb_text_column wpb_content_element \">\n\t\t<div class=\"wpb_wrapper\">\n\t\t\t<p>Actualmente satisfacemos las necesidades de <strong>compa\u00f1\u00edas hoteleras, estudios de grabaci\u00f3n, discotecas, centros nocturnos, clubes, bares, restaurantes, escuelas<\/strong>, entre otros rubros.<\/p>\n<h1>\u00a0Akustica Contigo<\/h1>\n<p>Nuestro \u00e9xito radica en que Akustica no s\u00f3lo vende equipos sino tambi\u00e9n <strong>damos asesor\u00eda<\/strong>\u00a0 para el desarrollo de cualquier proyecto que requiera de equipo\u00a0 profesionales y de vanguardia.<\/p>\n\n\t\t<\/div> \n\t<\/div> \n\t\t<\/div> \n\t<\/div> \n<\/div><\/div><\/div><div    class=\"vc_row wpb_row section vc_row-fluid\" style=' text-align:left;'><div class=\" full_section_inner clearfix\">\n\t<div class=\"vc_col-sm-12 wpb_column vc_column_container \">\n\t\t<div class=\"wpb_wrapper\">\n\t\t\t<div class=\"vc_empty_space\"  style=\"height: 50px\" ><span class=\"vc_empty_space_inner\"><\/span><\/div>\n\n\n\t\t<\/div> \n\t<\/div> \n<\/div><\/div><div    class=\"vc_row wpb_row section vc_row-fluid\" style=' text-align:left;'><div class=\" full_section_inner clearfix\">\n\t<div class=\"vc_col-sm-12 wpb_column vc_column_container \">\n\t\t<div class=\"wpb_wrapper\">\n\t\t\t<div class=\"call_to_action normal\" style=\"background-color: #000099;padding-top: 45px;padding-bottom: 45px;\"><div class=\"container_inner\"><div class=\"two_columns_75_25 clearfix\"><div class=\"text_wrapper column1\"><div class=\"call_to_action_text\" style=\"font-size:24px;font-weight: 400;\"><span style=\"color: #ffffff;\"><span class=\"st\">\u00bf<\/span>Necesitas equipo para tu hogar o negocio?<br \/>\n<\/span><\/div><\/div><div class=\"button_wrapper column2\"><a href=\"http:\/\/akustica.com.mx\/index.php\/contacto\/\" class=\"qbutton white \" target=\"\" style=\"color: #ffffff;border-color: #ffffff;background-color: #000099;\"data-hover-background-color=#3aabe6 data-hover-border-color=#3aabe6 data-hover-color=#ffffff>solicitar cotizaci\u00f3n<\/a><\/div><\/div><\/div><\/div>\n\t\t<\/div> \n\t<\/div> \n<\/div><\/div><div    class=\"vc_row wpb_row section vc_row-fluid\" style=' text-align:left;'><div class=\" full_section_inner clearfix\">\n\t<div class=\"vc_col-sm-12 wpb_column vc_column_container \">\n\t\t<div class=\"wpb_wrapper\">\n\t\t\t<div class=\"vc_empty_space\"  style=\"height: 50px\" ><span class=\"vc_empty_space_inner\"><\/span><\/div>\n\n\n\t\t<\/div> \n\t<\/div> \n<\/div><\/div><div    class=\"vc_row wpb_row section vc_row-fluid grid_section\" style=' text-align:left;'><div class=\" section_inner clearfix\"><div class='section_inner_margin clearfix'>\n\t<div class=\"vc_col-sm-6 wpb_column vc_column_container \">\n\t\t<div class=\"wpb_wrapper\">\n\t\t\t\n\t<div class=\"wpb_single_image wpb_content_element vc_align_left  element_from_fade\">\n\t\t<div>\n\t\t<div class=\"wpb_wrapper\">\n\t\t\t\n\t\t\t<div class=\"vc_single_image-wrapper vc_box_shadow_3d  vc_box_border_grey\"><span class=\"vc_box_shadow_3d_wrap\"><img loading=\"lazy\" decoding=\"async\" width=\"600\" height=\"420\" src=\"https:\/\/akustica.com.mx\/wp-content\/uploads\/2015\/05\/casatunes-ct-31.jpg\" class=\"vc_single_image-img attachment-full\" alt=\"\" srcset=\"https:\/\/akustica.com.mx\/wp-content\/uploads\/2015\/05\/casatunes-ct-31.jpg 600w, https:\/\/akustica.com.mx\/wp-content\/uploads\/2015\/05\/casatunes-ct-31-300x210.jpg 300w\" sizes=\"(max-width: 600px) 100vw, 600px\" \/><\/span><\/div>\n\t\t<\/div> \n\t\t<\/div>\n\t<\/div> \n\t\t<\/div> \n\t<\/div> \n\n\t<div class=\"vc_col-sm-6 wpb_column vc_column_container \">\n\t\t<div class=\"wpb_wrapper\">\n\t\t\t\n\t<div class=\"wpb_text_column wpb_content_element \">\n\t\t<div class=\"wpb_wrapper\">\n\t\t\t<h1><span style=\"color: #000099;\">SISTEMA DE SONIDO MULTI-HABITACI\u00d3N<br \/>\n<\/span><\/h1>\n<p>Una soluci\u00f3n peque\u00f1a confiable e ideal para hogares donde no hay cableado para m\u00fasica. El <strong>CT-3 <\/strong>de<strong> CasaTunes<\/strong>\u00ae posee 3 streams de audio que puede ser enviado a m\u00faltiples habitaciones que posean parlantes o dispositivos con Airplay, adem\u00e1s tiene 3 salidas est\u00e9reo para conectar amplificadores cableados, adaptando una soluci\u00f3n completa cableada e inal\u00e1mbrica.<\/p>\n<p>\u2022 3 zonas cableadas \u2022 5 zonas inal\u00e1mbricas. \u2022 Puedes conectarlo a la red local cableado o inal\u00e1mbrico. \u2022 3 streams de audio pueden escuchar 3 canciones diferentes al mismo tiempo en 3 diferentes habitaciones. \u2022 Reproduzca m\u00fasica inal\u00e1mbricamente desde sus iPads\u00ae, iPhones\u00ae y iTunes\u00ae mediante CasaTunes a cualquier habitaci\u00f3n o grupo de habitaciones. \u2022 Controle su sistema CasaTunes con su Smartphone y tabletas de Apple\u00ae y Android\u2122. \u2022 Incluye 320 GB HDD.<\/p>\n\n\t\t<\/div> \n\t<\/div> \n\t\t<\/div> \n\t<\/div> \n<\/div><\/div><\/div><div    class=\"vc_row wpb_row section vc_row-fluid\" style=' text-align:left;'><div class=\" full_section_inner clearfix\">\n\t<div class=\"vc_col-sm-12 wpb_column vc_column_container \">\n\t\t<div class=\"wpb_wrapper\">\n\t\t\t<div class=\"vc_empty_space\"  style=\"height: 25px\" ><span class=\"vc_empty_space_inner\"><\/span><\/div>\n\n\n\t\t<\/div> \n\t<\/div> \n<\/div><\/div>\n","protected":false},"excerpt":{"rendered":"","protected":false},"author":1,"featured_media":0,"parent":0,"menu_order":0,"comment_status":"open","ping_status":"open","template":"full_width.php","meta":{"footnotes":""},"_links":{"self":[{"href":"https:\/\/akustica.com.mx\/index.php\/wp-json\/wp\/v2\/pages\/16593"}],"collection":[{"href":"https:\/\/akustica.com.mx\/index.php\/wp-json\/wp\/v2\/pages"}],"about":[{"href":"https:\/\/akustica.com.mx\/index.php\/wp-json\/wp\/v2\/types\/page"}],"author":[{"embeddable":true,"href":"https:\/\/akustica.com.mx\/index.php\/wp-json\/wp\/v2\/users\/1"}],"replies":[{"embeddable":true,"href":"https:\/\/akustica.com.mx\/index.php\/wp-json\/wp\/v2\/comments?post=16593"}],"version-history":[{"count":19,"href":"https:\/\/akustica.com.mx\/index.php\/wp-json\/wp\/v2\/pages\/16593\/revisions"}],"predecessor-version":[{"id":16748,"href":"https:\/\/akustica.com.mx\/index.php\/wp-json\/wp\/v2\/pages\/16593\/revisions\/16748"}],"wp:attachment":[{"href":"https:\/\/akustica.com.mx\/index.php\/wp-json\/wp\/v2\/media?parent=16593"}],"curies":[{"name":"wp","href":"https:\/\/api.w.org\/{rel}","templated":true}]}}